{"id":48,"date":"2015-01-09T11:45:44","date_gmt":"2015-01-09T10:45:44","guid":{"rendered":"http:\/\/clubhauskycstrande.apps-1and1.net\/?page_id=48"},"modified":"2015-03-15T18:32:32","modified_gmt":"2015-03-15T17:32:32","slug":"seite-3","status":"publish","type":"page","link":"https:\/\/clubhauskycstrande.apps-1and1.net\/?page_id=48","title":{"rendered":"Jugendarbeit"},"content":{"rendered":"<p style=\"text-align: left;\"><a href=\"https:\/\/clubhauskycstrande.apps-1and1.net\/wp-content\/uploads\/2015\/03\/youngsters1.jpg\"><img loading=\"lazy\" decoding=\"async\" class=\" size-medium wp-image-212 alignleft\" src=\"https:\/\/clubhauskycstrande.apps-1and1.net\/wp-content\/uploads\/2015\/03\/youngsters1-300x225.jpg\" alt=\"youngsters\" width=\"300\" height=\"225\" srcset=\"https:\/\/clubhauskycstrande.apps-1and1.net\/wp-content\/uploads\/2015\/03\/youngsters1-300x225.jpg 300w, https:\/\/clubhauskycstrande.apps-1and1.net\/wp-content\/uploads\/2015\/03\/youngsters1.jpg 800w\" sizes=\"auto, (max-width: 300px) 100vw, 300px\" \/><\/a>Die Strander Liegenschaft des Kieler Yacht-Clubs beherbergt au\u00dfer der Werft bekanntlich auch die J\u00fcngsten- und Regattagruppe. Hier, im Trainingszentrum des Clubs werden die J\u00fcngsten an das Segeln herangef\u00fchrt und schlie\u00dflich in der Regattagruppe fit gemacht f\u00fcr Spitzenleistungen im Segelsport.<br \/>\nNach anstrengendem Training, zum Beispiel in Ferienkursen, finden im Clubheim die Youngsters eine St\u00e4tte zum Relaxen oder manchmal auch f\u00fcr eine Spaghetti- Schlacht.<br \/>\nAuch f\u00fcr Ausbildungsvorhaben in der Theorie stehen die R\u00e4umlichkeiten zur Verf\u00fcgung.<\/p>\n","protected":false},"excerpt":{"rendered":"<p>Die Strander Liegenschaft des Kieler Yacht-Clubs beherbergt au\u00dfer der Werft bekanntlich auch die J\u00fcngsten- und Regattagruppe. Hier, im Trainingszentrum des Clubs werden die J\u00fcngsten an das Segeln herangef\u00fchrt und schlie\u00dflich &hellip; <a href=\"https:\/\/clubhauskycstrande.apps-1and1.net\/?page_id=48\" class=\"more-link\"><span class=\"screen-reader-text\">Jugendarbeit<\/span> weiterlesen <span class=\"meta-nav\">&rarr;<\/span><\/a><\/p>\n","protected":false},"author":3,"featured_media":0,"parent":0,"menu_order":0,"comment_status":"closed","ping_status":"closed","template":"","meta":{"_EventAllDay":false,"_EventTimezone":"","_EventStartDate":"","_EventEndDate":"","_EventStartDateUTC":"","_EventEndDateUTC":"","_EventShowMap":false,"_EventShowMapLink":false,"_EventURL":"","_EventCost":"","_EventCostDescription":"","_EventCurrencySymbol":"","_EventCurrencyCode":"","_EventCurrencyPosition":"","_EventDateTimeSeparator":"","_EventTimeRangeSeparator":"","_EventOrganizerID":[],"_EventVenueID":0,"_OrganizerEmail":"","_OrganizerPhone":"","_OrganizerWebsite":"","_VenueAddress":"","_VenueCity":"","_VenueCountry":"","_VenueProvince":"","_VenueZip":"","_VenuePhone":"","_VenueURL":"","_VenueStateProvince":"","_VenueLat":"","_VenueLng":"","footnotes":""},"class_list":["post-48","page","type-page","status-publish","hentry"],"_links":{"self":[{"href":"https:\/\/clubhauskycstrande.apps-1and1.net\/index.php?rest_route=\/wp\/v2\/pages\/48","targetHints":{"allow":["GET"]}}],"collection":[{"href":"https:\/\/clubhauskycstrande.apps-1and1.net\/index.php?rest_route=\/wp\/v2\/pages"}],"about":[{"href":"https:\/\/clubhauskycstrande.apps-1and1.net\/index.php?rest_route=\/wp\/v2\/types\/page"}],"author":[{"embeddable":true,"href":"https:\/\/clubhauskycstrande.apps-1and1.net\/index.php?rest_route=\/wp\/v2\/users\/3"}],"replies":[{"embeddable":true,"href":"https:\/\/clubhauskycstrande.apps-1and1.net\/index.php?rest_route=%2Fwp%2Fv2%2Fcomments&post=48"}],"version-history":[{"count":19,"href":"https:\/\/clubhauskycstrande.apps-1and1.net\/index.php?rest_route=\/wp\/v2\/pages\/48\/revisions"}],"predecessor-version":[{"id":214,"href":"https:\/\/clubhauskycstrande.apps-1and1.net\/index.php?rest_route=\/wp\/v2\/pages\/48\/revisions\/214"}],"wp:attachment":[{"href":"https:\/\/clubhauskycstrande.apps-1and1.net\/index.php?rest_route=%2Fwp%2Fv2%2Fmedia&parent=48"}],"curies":[{"name":"wp","href":"https:\/\/api.w.org\/{rel}","templated":true}]}}